{"id":1023,"date":"2025-05-11T14:02:52","date_gmt":"2025-05-11T12:02:52","guid":{"rendered":"https:\/\/crossfitkriden.com\/?page_id=1023"},"modified":"2025-05-11T14:20:38","modified_gmt":"2025-05-11T12:20:38","slug":"booba-memorial-wod-2025","status":"publish","type":"page","link":"https:\/\/crossfitkriden.com\/index.php\/booba-memorial-wod-2025\/","title":{"rendered":"BOOBA Memorial WOD \u2013 5 &#038; 6 juillet 2025"},"content":{"rendered":"\t\t<div data-elementor-type=\"wp-page\" data-elementor-id=\"1023\" class=\"elementor elementor-1023\">\n\t\t\t\t\t\t<section class=\"elementor-section elementor-top-section elementor-element elementor-element-5224ccaf elementor-section-boxed elementor-section-height-default elementor-section-height-default\" data-id=\"5224ccaf\" data-element_type=\"section\" data-e-type=\"section\">\n\t\t\t\t\t\t<div class=\"elementor-container elementor-column-gap-default\">\n\t\t\t\t\t<div class=\"elementor-column elementor-col-100 elementor-top-column elementor-element elementor-element-77a7b228\" data-id=\"77a7b228\" data-element_type=\"column\" data-e-type=\"column\">\n\t\t\t<div class=\"elementor-widget-wrap elementor-element-populated\">\n\t\t\t\t\t\t<div class=\"elementor-element elementor-element-6696612a elementor-widget elementor-widget-text-editor\" data-id=\"6696612a\" data-element_type=\"widget\" data-e-type=\"widget\" data-widget_type=\"text-editor.default\">\n\t\t\t\t<div class=\"elementor-widget-container\">\n\t\t\t\t\t\t\t\t\t<p><span style=\"font-size: 16px;\">Comme chaque ann\u00e9e, nous c\u00e9l\u00e8brerons dans la sueur et la bonne humeur la m\u00e9moire de notre ami disparu trop t\u00f4t. L&#8217;\u00e9v\u00e8nement aura lieu les samedi 5 et dimanche 6 juillet au sein de notre box CrossFit Kriden, en collaboration avec le patro de Lobbes-\u00a0(vous n&#8217;\u00eates pas oblig\u00e9 de venir les 2 jours)<\/span><\/p><div><p>Les b\u00e9n\u00e9fices de la journ\u00e9e sont revers\u00e9s \u00e0 une association pour le bien-\u00eatre des enfants \ud83d\ude42<br \/><br \/><\/p><\/div><ul><li><strong>Le WOD sera accessible a tous niveaux<\/strong> (pas de mouvements hyper technique et adapt\u00e9 si besoin) , et ne sera annonc\u00e9 que le jour m\u00eame.<\/li><li>Il s&#8217;agira d&#8217;un team WOD en \u00e9quipe de 2 (FF, HH, HF)<\/li><li>Chaque \u00e9quipe doit choisir via le formulaire d&#8217;inscription, un cr\u00e9neau horaire de passage lors d&#8217;une des 2 journ\u00e9es.\u00a0<\/li><li>Le responsable de la team devra entrer ses coordonn\u00e9es compl\u00e8tes et \u00e9galement entrer le nom du 2e membre de la team.<\/li><li>Votre participation sera valid\u00e9e apr\u00e8s r\u00e9ception de votre participation aux frais , soit 20\u20ac par team via virement bancaire.<\/li><li>Les infos seront envoy\u00e9es par email une fois l&#8217;inscription compl\u00e9t\u00e9e.<\/li><li>12 teams maximum par cr\u00e9neau horaire.<\/li><li>BBQ et drinks disponibles les 2 jours<\/li><li>Tout au long de la journ\u00e9e, moyennant petite participation suppl\u00e9mentaire sur place (3\u20ac), vous pourrez vous tester face aux autres participants sur 2 \u00e9preuves challenges<\/li><\/ul>\t\t\t\t\t\t\t\t<\/div>\n\t\t\t\t<\/div>\n\t\t\t\t\t<\/div>\n\t\t<\/div>\n\t\t\t\t\t<\/div>\n\t\t<\/section>\n\t\t\t\t<section class=\"elementor-section elementor-top-section elementor-element elementor-element-99de61a elementor-section-boxed elementor-section-height-default elementor-section-height-default\" data-id=\"99de61a\" data-element_type=\"section\" data-e-type=\"section\">\n\t\t\t\t\t\t<div class=\"elementor-container elementor-column-gap-default\">\n\t\t\t\t\t<div class=\"elementor-column elementor-col-100 elementor-top-column elementor-element elementor-element-d86675f\" data-id=\"d86675f\" data-element_type=\"column\" data-e-type=\"column\">\n\t\t\t<div class=\"elementor-widget-wrap elementor-element-populated\">\n\t\t\t\t\t\t<div class=\"elementor-element elementor-element-7cbf227 elementor-widget elementor-widget-button\" data-id=\"7cbf227\" data-element_type=\"widget\" data-e-type=\"widget\" data-widget_type=\"button.default\">\n\t\t\t\t<div class=\"elementor-widget-container\">\n\t\t\t\t\t\t\t\t\t<div class=\"elementor-button-wrapper\">\n\t\t\t\t\t<a class=\"elementor-button elementor-button-link elementor-size-xl\" href=\"https:\/\/www.cognitoforms.com\/crossfitkriden1\/boobamemorial56juillet2025\">\n\t\t\t\t\t\t<span class=\"elementor-button-content-wrapper\">\n\t\t\t\t\t\t\t\t\t<span class=\"elementor-button-text\">Inscriptions<\/span>\n\t\t\t\t\t<\/span>\n\t\t\t\t\t<\/a>\n\t\t\t\t<\/div>\n\t\t\t\t\t\t\t\t<\/div>\n\t\t\t\t<\/div>\n\t\t\t\t\t<\/div>\n\t\t<\/div>\n\t\t\t\t\t<\/div>\n\t\t<\/section>\n\t\t\t\t<section class=\"elementor-section elementor-top-section elementor-element elementor-element-f7a8b7d elementor-section-boxed elementor-section-height-default elementor-section-height-default\" data-id=\"f7a8b7d\" data-element_type=\"section\" data-e-type=\"section\">\n\t\t\t\t\t\t<div class=\"elementor-container elementor-column-gap-default\">\n\t\t\t\t\t<div class=\"elementor-column elementor-col-100 elementor-top-column elementor-element elementor-element-bccc0ce\" data-id=\"bccc0ce\" data-element_type=\"column\" data-e-type=\"column\">\n\t\t\t<div class=\"elementor-widget-wrap\">\n\t\t\t\t\t\t\t<\/div>\n\t\t<\/div>\n\t\t\t\t\t<\/div>\n\t\t<\/section>\n\t\t\t\t<\/div>\n\t\t","protected":false},"excerpt":{"rendered":"<p>Comme chaque ann\u00e9e, nous c\u00e9l\u00e8brerons dans la sueur et la bonne humeur la m\u00e9moire de notre ami disparu trop t\u00f4t. L&#8217;\u00e9v\u00e8nement aura lieu les samedi 5 et dimanche 6 juillet au sein de notre box CrossFit Kriden, en collaboration avec le patro de Lobbes-\u00a0(vous n&#8217;\u00eates pas oblig\u00e9 de venir les 2 jours) Les b\u00e9n\u00e9fices de [&hellip;]<\/p>\n","protected":false},"author":1,"featured_media":0,"parent":0,"menu_order":0,"comment_status":"closed","ping_status":"closed","template":"","meta":{"footnotes":""},"class_list":["post-1023","page","type-page","status-publish","hentry"],"_links":{"self":[{"href":"https:\/\/crossfitkriden.com\/index.php\/wp-json\/wp\/v2\/pages\/1023","targetHints":{"allow":["GET"]}}],"collection":[{"href":"https:\/\/crossfitkriden.com\/index.php\/wp-json\/wp\/v2\/pages"}],"about":[{"href":"https:\/\/crossfitkriden.com\/index.php\/wp-json\/wp\/v2\/types\/page"}],"author":[{"embeddable":true,"href":"https:\/\/crossfitkriden.com\/index.php\/wp-json\/wp\/v2\/users\/1"}],"replies":[{"embeddable":true,"href":"https:\/\/crossfitkriden.com\/index.php\/wp-json\/wp\/v2\/comments?post=1023"}],"version-history":[{"count":11,"href":"https:\/\/crossfitkriden.com\/index.php\/wp-json\/wp\/v2\/pages\/1023\/revisions"}],"predecessor-version":[{"id":1036,"href":"https:\/\/crossfitkriden.com\/index.php\/wp-json\/wp\/v2\/pages\/1023\/revisions\/1036"}],"wp:attachment":[{"href":"https:\/\/crossfitkriden.com\/index.php\/wp-json\/wp\/v2\/media?parent=1023"}],"curies":[{"name":"wp","href":"https:\/\/api.w.org\/{rel}","templated":true}]}}