{"id":868,"date":"2024-09-09T16:59:27","date_gmt":"2024-09-09T14:59:27","guid":{"rendered":"https:\/\/crossfitkriden.com\/?page_id=868"},"modified":"2024-09-12T14:31:43","modified_gmt":"2024-09-12T12:31:43","slug":"hyrox-workshop","status":"publish","type":"page","link":"https:\/\/crossfitkriden.com\/index.php\/hyrox-workshop\/","title":{"rendered":"Stage Hyrox et course \u00e0 pieds"},"content":{"rendered":"\t\t<div data-elementor-type=\"wp-page\" data-elementor-id=\"868\" class=\"elementor elementor-868\">\n\t\t\t\t\t\t<section class=\"elementor-section elementor-top-section elementor-element elementor-element-6c739f3 elementor-section-boxed elementor-section-height-default elementor-section-height-default\" data-id=\"6c739f3\" data-element_type=\"section\" data-e-type=\"section\">\n\t\t\t\t\t\t<div class=\"elementor-container elementor-column-gap-default\">\n\t\t\t\t\t<div class=\"elementor-column elementor-col-100 elementor-top-column elementor-element elementor-element-84c2d3a\" data-id=\"84c2d3a\" data-element_type=\"column\" data-e-type=\"column\">\n\t\t\t<div class=\"elementor-widget-wrap elementor-element-populated\">\n\t\t\t\t\t\t<div class=\"elementor-element elementor-element-49b8414 elementor-widget elementor-widget-text-editor\" data-id=\"49b8414\" data-element_type=\"widget\" data-e-type=\"widget\" data-widget_type=\"text-editor.default\">\n\t\t\t\t<div class=\"elementor-widget-container\">\n\t\t\t\t\t\t\t\t\t<hr \/><p>Les samedi 12 et 26 octobre 2024, l&#8217;\u00e9quipe de CrossFit Kriden vous propose de participer \u00e0 des workshops d\u00e9di\u00e9s \u00e0 la pr\u00e9paration d&#8217;une course Hyrox, avec un focus technique sur les WODS lors d&#8217;ateliers th\u00e9oriques et pratiques.<\/p><p>Egalement au programme, des ateliers course \u00e0 pieds anim\u00e9s par Dorian Boulvin (FB : <a href=\"https:\/\/www.facebook.com\/profile.php?id=61559572815260\">Fuel2Run<\/a>\u00a0\/ IG : <a href=\"https:\/\/www.instagram.com\/fuel2run_coaching?utm_source=ig_web_button_share_sheet&amp;igsh=ZDNlZDc0MzIxNw==\">fuel2run_coaching<\/a>\u00a0\/ IG : <a href=\"https:\/\/www.instagram.com\/dorian_boulvin\/\">Dorian Boulvin<\/a>) &#8211; athl\u00e8te professionnel de haut niveau en course \u00e0 pieds.\u00a0<\/p><p>Ce sera l&#8217;occasion de poser toutes vos questions concernant ces 2 disciplines, mais aussi, ces workshops sont id\u00e9als pour les personnes qui d\u00e9butent en course \u00e0 pieds ou en Hyrox.\u00a0<\/p><p>Bien que l&#8217;inscription comprennent les ateliers des 2 disciplines, vous pouvez ne vous pr\u00e9senter que pour l&#8217;une ou l&#8217;autre lors des journ\u00e9es qui sont programm\u00e9es.<\/p><p><strong><span style=\"text-decoration: underline;\">\u00a0<\/span><\/strong><\/p><p><a href=\"https:\/\/www.instagram.com\/dorian_boulvin\/\"><img fetchpriority=\"high\" decoding=\"async\" class=\"alignleft wp-image-875 size-medium\" src=\"https:\/\/crossfitkriden.com\/wp-content\/uploads\/2024\/09\/Dorian-300x300.jpg\" alt=\"\" width=\"300\" height=\"300\" srcset=\"https:\/\/crossfitkriden.com\/wp-content\/uploads\/2024\/09\/Dorian-300x300.jpg 300w, https:\/\/crossfitkriden.com\/wp-content\/uploads\/2024\/09\/Dorian-150x150.jpg 150w, https:\/\/crossfitkriden.com\/wp-content\/uploads\/2024\/09\/Dorian-768x768.jpg 768w, https:\/\/crossfitkriden.com\/wp-content\/uploads\/2024\/09\/Dorian-1024x1024.jpg 1024w, https:\/\/crossfitkriden.com\/wp-content\/uploads\/2024\/09\/Dorian.jpg 1080w\" sizes=\"(max-width: 300px) 100vw, 300px\" \/><\/a><\/p><p><strong><span style=\"text-decoration: underline;\">Palmar\u00e8s de Dorian:<\/span><\/strong><\/p><p>&#8211; 2x champion de Belgique (10km et semi-marathon)<\/p><p>&#8211; 10km : 28&#8217;34&#8221; (9e performance belge de l&#8217;histoire)<\/p><p>&#8211; Semi-marathon : 1h01&#8217;25&#8221; (5e performance belge de l&#8217;histoire)<\/p><p>&#8211; Marathon : 2h17&#8217;59&#8221;<\/p>\t\t\t\t\t\t\t\t<\/div>\n\t\t\t\t<\/div>\n\t\t\t\t\t<\/div>\n\t\t<\/div>\n\t\t\t\t\t<\/div>\n\t\t<\/section>\n\t\t\t\t<section class=\"elementor-section elementor-top-section elementor-element elementor-element-24a027d elementor-section-boxed elementor-section-height-default elementor-section-height-default\" data-id=\"24a027d\" data-element_type=\"section\" data-e-type=\"section\">\n\t\t\t\t\t\t<div class=\"elementor-container elementor-column-gap-default\">\n\t\t\t\t\t<div class=\"elementor-column elementor-col-100 elementor-top-column elementor-element elementor-element-c05ccb5\" data-id=\"c05ccb5\" data-element_type=\"column\" data-e-type=\"column\">\n\t\t\t<div class=\"elementor-widget-wrap elementor-element-populated\">\n\t\t\t\t\t\t<div class=\"elementor-element elementor-element-4526eb4 elementor-widget elementor-widget-text-editor\" data-id=\"4526eb4\" data-element_type=\"widget\" data-e-type=\"widget\" data-widget_type=\"text-editor.default\">\n\t\t\t\t<div class=\"elementor-widget-container\">\n\t\t\t\t\t\t\t\t\t<h2>Programme du 12.10.2024<\/h2><p>9h30 : Welcome \/ Check-in<\/p><p>De 10h \u00e0 12h30 : Atelier th\u00e9orique sur la course \u00e0 pieds :\u00a0les bases de l&#8217;entrainement en course \u00e0 pied :<br \/>Physiologie, bases de l&#8217;entrainement, exemples de programme d&#8217;entrainement, bases de la nutrition sportive, r\u00e9cup\u00e9ration, soins, questions \/ r\u00e9ponses,&#8230;<\/p><p>12h30 \u00e0 14h00 : Lunch break avec petit WOD pour ceux qui le souhaitent<\/p><p>14h00 \u00e0 16h30 : Atelier th\u00e9orique sur la course Hyrox et la pr\u00e9paration pour y participer<\/p><p><b>PAF : <br \/><\/b>&#8211; 20\u20ac pour les non-membres de CrossFit Kriden <br \/>&#8211; 15\u20ac pour les membres CrossFit Kriden<\/p>\t\t\t\t\t\t\t\t<\/div>\n\t\t\t\t<\/div>\n\t\t\t\t\t<\/div>\n\t\t<\/div>\n\t\t\t\t\t<\/div>\n\t\t<\/section>\n\t\t\t\t<section class=\"elementor-section elementor-top-section elementor-element elementor-element-dab398a elementor-section-boxed elementor-section-height-default elementor-section-height-default\" data-id=\"dab398a\" data-element_type=\"section\" data-e-type=\"section\">\n\t\t\t\t\t\t<div class=\"elementor-container elementor-column-gap-default\">\n\t\t\t\t\t<div class=\"elementor-column elementor-col-100 elementor-top-column elementor-element elementor-element-876f064\" data-id=\"876f064\" data-element_type=\"column\" data-e-type=\"column\">\n\t\t\t<div class=\"elementor-widget-wrap elementor-element-populated\">\n\t\t\t\t\t\t<div class=\"elementor-element elementor-element-4deafc2 elementor-button-info elementor-widget elementor-widget-button\" data-id=\"4deafc2\" data-element_type=\"widget\" data-e-type=\"widget\" data-widget_type=\"button.default\">\n\t\t\t\t<div class=\"elementor-widget-container\">\n\t\t\t\t\t\t\t\t\t<div class=\"elementor-button-wrapper\">\n\t\t\t\t\t<a class=\"elementor-button elementor-button-link elementor-size-sm\" href=\"https:\/\/www.cognitoforms.com\/CrossFitKriden1\/HyroxRunWorkshop12Octobre2024\">\n\t\t\t\t\t\t<span class=\"elementor-button-content-wrapper\">\n\t\t\t\t\t\t\t\t\t<span class=\"elementor-button-text\">Cliquez ici pour vous inscrire \u00e0 la journ\u00e9e du 12.10.2024<\/span>\n\t\t\t\t\t<\/span>\n\t\t\t\t\t<\/a>\n\t\t\t\t<\/div>\n\t\t\t\t\t\t\t\t<\/div>\n\t\t\t\t<\/div>\n\t\t\t\t\t<\/div>\n\t\t<\/div>\n\t\t\t\t\t<\/div>\n\t\t<\/section>\n\t\t\t\t<section class=\"elementor-section elementor-top-section elementor-element elementor-element-b41b225 elementor-section-boxed elementor-section-height-default elementor-section-height-default\" data-id=\"b41b225\" data-element_type=\"section\" data-e-type=\"section\">\n\t\t\t\t\t\t<div class=\"elementor-container elementor-column-gap-default\">\n\t\t\t\t\t<div class=\"elementor-column elementor-col-100 elementor-top-column elementor-element elementor-element-f15f77a\" data-id=\"f15f77a\" data-element_type=\"column\" data-e-type=\"column\">\n\t\t\t<div class=\"elementor-widget-wrap elementor-element-populated\">\n\t\t\t\t\t\t<div class=\"elementor-element elementor-element-7935ea7 elementor-widget elementor-widget-text-editor\" data-id=\"7935ea7\" data-element_type=\"widget\" data-e-type=\"widget\" data-widget_type=\"text-editor.default\">\n\t\t\t\t<div class=\"elementor-widget-container\">\n\t\t\t\t\t\t\t\t\t<h2>Programme du 26.10.2024<\/h2>\n<div>30 places maximum pour cette journ\u00e9e. Le groupe sera divis\u00e9 pour regrouper les participants selon leur niveau\/ exp\u00e9rience en course \u00e0 pieds.<br>Remarques :&nbsp;<br>&#8211; Votre num\u00e9ro de groupe sera communiqu\u00e9 le 19 octobre.<br>&#8211; Pour l&#8217;atelier course, de pr\u00e9f\u00e9rence venez muni d&#8217;une montre (id\u00e9alement montre gps, mais minimum un chrono si possible).<\/div>\n<div><br><\/div>\n<div><span style=\"font-family: Barlow, sans-serif;\">10h00 : Welcome&nbsp;<\/span><span style=\"font-family: Barlow, sans-serif;\">\/ Check-in<\/span><br><span style=\"font-family: Barlow, sans-serif;\"><br><\/span><\/div>\n<p><strong>Groupe 1 :<\/strong><br>11h00 \u00e0 12h30 = Atelier pratique course \u00e0 pieds + questions \/ r\u00e9ponses<\/p>\n<p>12h30 \u00e0 14h00 : Lunch break&nbsp;<\/p>\n<p>14h00 \u00e0 16h00 = Atelier pratique Hyrox&nbsp; + questions \/ r\u00e9ponses<\/p>\n<p><strong>Groupe 2 :<\/strong><br>10h30 \u00e0 12h30 = Atelier pratique Hyrox&nbsp; + questions \/ r\u00e9ponses<\/p>\n<p>12h30 \u00e0 14h00 : Lunch break&nbsp;<\/p>\n<p>14h00 \u00e0 15h30 = Atelier pratique course \u00e0 pieds + questions \/ r\u00e9ponses<\/p>\n<p><span style=\"font-weight: bold;\">PAF :<br><\/span>&#8211; 40\u20ac pour les non-membres de CrossFit Kriden<br>&#8211; 30\u20ac pour les membres CrossFit Kriden<\/p>\t\t\t\t\t\t\t\t<\/div>\n\t\t\t\t<\/div>\n\t\t\t\t\t<\/div>\n\t\t<\/div>\n\t\t\t\t\t<\/div>\n\t\t<\/section>\n\t\t\t\t<section class=\"elementor-section elementor-top-section elementor-element elementor-element-9291141 elementor-section-boxed elementor-section-height-default elementor-section-height-default\" data-id=\"9291141\" data-element_type=\"section\" data-e-type=\"section\">\n\t\t\t\t\t\t<div class=\"elementor-container elementor-column-gap-default\">\n\t\t\t\t\t<div class=\"elementor-column elementor-col-100 elementor-top-column elementor-element elementor-element-ac25b56\" data-id=\"ac25b56\" data-element_type=\"column\" data-e-type=\"column\">\n\t\t\t<div class=\"elementor-widget-wrap elementor-element-populated\">\n\t\t\t\t\t\t<div class=\"elementor-element elementor-element-ccb5ffe elementor-button-info elementor-widget elementor-widget-button\" data-id=\"ccb5ffe\" data-element_type=\"widget\" data-e-type=\"widget\" data-widget_type=\"button.default\">\n\t\t\t\t<div class=\"elementor-widget-container\">\n\t\t\t\t\t\t\t\t\t<div class=\"elementor-button-wrapper\">\n\t\t\t\t\t<a class=\"elementor-button elementor-button-link elementor-size-sm\" href=\"https:\/\/www.cognitoforms.com\/CrossFitKriden1\/HyroxRunWorkshop26Octobre2024\">\n\t\t\t\t\t\t<span class=\"elementor-button-content-wrapper\">\n\t\t\t\t\t\t\t\t\t<span class=\"elementor-button-text\">Cliquez ici pour vous inscrire \u00e0 la journ\u00e9e du 26.10.2024<\/span>\n\t\t\t\t\t<\/span>\n\t\t\t\t\t<\/a>\n\t\t\t\t<\/div>\n\t\t\t\t\t\t\t\t<\/div>\n\t\t\t\t<\/div>\n\t\t\t\t\t<\/div>\n\t\t<\/div>\n\t\t\t\t\t<\/div>\n\t\t<\/section>\n\t\t\t\t<\/div>\n\t\t","protected":false},"excerpt":{"rendered":"<p>Les samedi 12 et 26 octobre 2024, l&#8217;\u00e9quipe de CrossFit Kriden vous propose de participer \u00e0 des workshops d\u00e9di\u00e9s \u00e0 la pr\u00e9paration d&#8217;une course Hyrox, avec un focus technique sur les WODS lors d&#8217;ateliers th\u00e9oriques et pratiques. Egalement au programme, des ateliers course \u00e0 pieds anim\u00e9s par Dorian Boulvin (FB : Fuel2Run\u00a0\/ IG : fuel2run_coaching\u00a0\/ [&hellip;]<\/p>\n","protected":false},"author":1,"featured_media":0,"parent":0,"menu_order":0,"comment_status":"closed","ping_status":"closed","template":"","meta":{"footnotes":""},"class_list":["post-868","page","type-page","status-publish","hentry"],"_links":{"self":[{"href":"https:\/\/crossfitkriden.com\/index.php\/wp-json\/wp\/v2\/pages\/868","targetHints":{"allow":["GET"]}}],"collection":[{"href":"https:\/\/crossfitkriden.com\/index.php\/wp-json\/wp\/v2\/pages"}],"about":[{"href":"https:\/\/crossfitkriden.com\/index.php\/wp-json\/wp\/v2\/types\/page"}],"author":[{"embeddable":true,"href":"https:\/\/crossfitkriden.com\/index.php\/wp-json\/wp\/v2\/users\/1"}],"replies":[{"embeddable":true,"href":"https:\/\/crossfitkriden.com\/index.php\/wp-json\/wp\/v2\/comments?post=868"}],"version-history":[{"count":25,"href":"https:\/\/crossfitkriden.com\/index.php\/wp-json\/wp\/v2\/pages\/868\/revisions"}],"predecessor-version":[{"id":900,"href":"https:\/\/crossfitkriden.com\/index.php\/wp-json\/wp\/v2\/pages\/868\/revisions\/900"}],"wp:attachment":[{"href":"https:\/\/crossfitkriden.com\/index.php\/wp-json\/wp\/v2\/media?parent=868"}],"curies":[{"name":"wp","href":"https:\/\/api.w.org\/{rel}","templated":true}]}}